).
784
Let c(f) = 380*f + 77325. Determine c(-203).
185
Let l(u) = u**3 + 266*u**2 + 1738*u - 33. Calculate l(-7).
492
Let s(u) = 20*u**2 - 7379*u - 115606. What is s(384)?
-22
Let q(o) = o**3 + 682*o**2 - 444721*o - 1084. Calculate q(-1090).
6
Let q(v) = -38*v**2 - 1216*v + 9. Calculate q(0).
9
Let u(f) = -25*f**2 + 9744*f + 12108. Give u(391).
-13
Let j(m) = 3505*m + 154191. Determine j(-44).
-29
Let c(d) = 222*d - 22468. What is c(98)?
-712
Let i(a) = 238*a + 7124. Determine i(-23).
1650
Let c(j) = j**3 - 79*j**2 + 1157*j - 958. Calculate c(60).
62
Let n(u) = -7*u**2 + 1003*u + 27721. Calculate n(167).
-1
Let v(p) = p**3 - 4641*p**2 + 32431*p - 3. What is v(7)?
-52
Let h(l) = l**3 - 22*l**2 - 54*l + 1366. Calculate h(20).
-514
Let l(c) = -65335*c + 32406167. Calculate l(496).
7
Let m(u) = -6*u**2 - 134*u - 663. What is m(-15)?
-3
Let d(c) = 3*c**3 - 181*c**2 + 2*c - 7554. Calculate d(61).
10
Let w(f) = -3*f**2 + 2376*f + 21573. Give w(-9).
-54
Let l(a) = 127990*a + 7551395. What is l(-59)?
-15
Let a(p) = 857*p - 74572. Calculate a(87).
-13
Let n(b) = -b**3 - 5*b**2 + 17*b - 70. Calculate n(-10).
260
Let l(u) = 5*u**2 + 101*u + 483. Calculate l(-13).
15
Let s(c) = 48190*c - 4144352. Calculate s(86).
-12
Let g(y) = -195*y + 26346. Determine g(135).
21
Let q(w) = w**2 - 273*w + 8012. Give q(33).
92
Let v(r) = -57*r + 1173. Give v(13).
432
Let l(q) = -q**2 - 16755*q + 975154. Calculate l(58).
0
Let v(c) = -c**3 + 18*c**2 + 3*c + 313. Determine v(21).
-947
Let r(n) = -1714*n + 7124. Determine r(4).
268
Let s(k) = -16*k**2 + 2474*k - 86655. Determine s(101).
3
Let h(l) = -578*l - 370. Give h(-1).
208
Let r(k) = -7940*k + 119271. Give r(15).
171
Let q(a) = 14*a**3 + 301*a**2 + 1154*a + 8. Determine q(-5).
13
Let j(q) = q**3 + 2*q**2 - 573*q + 4328. Determine j(-28).
-12
Let x(r) = -7031*r + 70379. What is x(10)?
69
Let y(b) = -16*b**3 + 101*b**2 - 104*b - 13. Determine y(5).
-8
Let c(g) = -4*g**2 - 228*g + 247. Give c(1).
15
Let n(d) = -5*d**2 + 3651. Calculate n(-28).
-269
Let d(j) = 968*j**2 + 43561*j + 56. What is d(-45)?
11
Let q(g) = -20797*g + 145499. Give q(7).
-80
Let t(m) = -8201*m - 508646. What is t(-62)?
-184
Let d(t) = 2157*t - 1923. What is d(1)?
234
Let o(z) = z**3 + 91*z**2 - 385*z - 285. What is o(-95)?
190
Let t(f) = 4*f**2 - 582*f + 11293. Calculate t(22).
425
Let g(k) = -65*k**2 - 972*k + 1800. Calculate g(-17).
-461
Let n(j) = -63*j + 9405. Calculate n(135).
900
Let p(o) = -5577*o - 139422. Give p(-25).
3
Let b(o) = -2093*o - 37516. What is b(-18)?
158
Let j(b) = -6*b**3 + 129*b**2 + 440*b + 15. Give j(-3).
18
Let s(m) = -6259*m - 481944. What is s(-77)?
-1
Let j(f) = 1866*f + 1050585. Determine j(-563).
27
Let c(u) = 1622*u + 4633. What is c(-3)?
-233
Let c(o) = 326*o + 89644. Give c(-275).
-6
Let x(g) = 3497*g + 83998. What is x(-24)?
70
Let v(s) = 10*s**3 - 102*s**2 - 30*s + 494. Determine v(10).
-6
Let x(k) = k**3 + 142*k**2 + 1032*k + 607. Give x(-7).
-2
Let t(l) = -l**3 + 145*l**2 + 289*l + 616. Give t(147).
-119
Let c(i) = 7*i**3 + 3*i**2 - 38*i + 110. Calculate c(0).
110
Let q(n) = 2*n**3 - 59*n**2 - 218*n + 7720. Give q(29).
557
Let d(y) = -3*y**2 + 11*y - 1614. Determine d(0).
-1614
Let t(c) = -571*c - 256815. Determine t(-450).
135
Let l(v) = -56*v**2 - 9*v + 62. Calculate l(3).
-469
Let k(q) = -70070*q + 1891815. Give k(27).
-75
Let f(j) = 1310*j - 175553. Calculate f(134).
-13
Let w(p) = -2*p**3 + 39*p**2 - 116*p - 39. Calculate w(4).
-7
Let u(a) = 5*a**3 + 452*a**2 + 178*a - 293. What is u(-90)?
-113
Let b(x) = -11481*x + 91668. Give b(8).
-180
Let q(w) = 182*w - 858. What is q(3)?
-312
Let k(x) = -4*x**3 + 17*x**2 + 301*x - 1443. What is k(5)?
-13
Let a(w) = 29918*w + 119650. What is a(-4)?
-22
Let b(q) = -3*q**3 + 53*q**2 - 184*q + 3689. Calculate b(18).
53
Let z(d) = 2517*d - 15216. Give z(6).
-114
Let b(h) = 6*h**3 - 528*h**2 + 519*h + 212. Give b(87).
-49
Let g(n) = -2*n**2 + 6030*n + 225854. Calculate g(-37).
6
Let p(l) = 19*l**2 + 822*l + 4196. Give p(-6).
-52
Let n(t) = t**3 - 10*t**2 + 56*t - 564. Calculate n(10).
-4
Let a(h) = 3*h**2 + 71*h + 342. Give a(-28).
706
Let s(c) = c**2 - 10909*c - 98197. Calculate s(-9).
65
Let j(a) = -2*a**3 - 47*a**2 + 5362*a + 123857. What is j(-23)?
2
Let m(n) = n**2 + 20907*n + 584633. Determine m(-28).
21
Let v(a) = 81*a**2 + 894*a - 3605. Determine v(4).
1267
Let o(y) = -11613*y + 208789. Calculate o(18).
-245
Let t(g) = -495*g + 7451. Give t(13).
1016
Let h(g) = 17489*g + 104965. Give h(-6).
31
Let c(u) = -3*u**3 + 314*u**2 + 100*u + 488. What is c(105)?
-37
Let y(d) = d**3 + 87*d**2 + 1305*d + 897. Calculate y(-68).
13
Let i(x) = -x**3 + 36*x**2 + 840*x - 447. Calculate i(52).
-31
Let m(b) = 2*b**3 + 77*b**2 + 125*b + 518. Calculate m(-37).
0
Let q(i) = i**3 - 181*i**2 + 1725*i - 2169. Calculate q(171).
396
Let k(x) = -247907*x + 495801. Calculate k(2).
-13
Let d(l) = 2706*l**2 - 2*l + 9. Calculate d(0).
9
Let a(c) = -49*c**2 - 9585*c + 23166. What is a(-198)?
0
Let w(x) = -3*x**3 - 94*x**2 - 108*x + 150. Determine w(-30).
-210
Let s(p) = 2*p**3 - 230*p**2 + 1090*p + 650. Give s(110).
-450
Let w(x) = 33726*x + 202348. What is w(-6)?
-8
Let h(l) = 61*l + 1063. Give h(-22).
-279
Let d(u) = u**3 + 110*u**2 - 1339*u - 358. What is d(-121)?
610
Let p(v) = -39*v**3 - 1245*v**2 + 51*v - 1446. Give p(-32).
-6
Let j(w) = 9*w**3 + 791*w**2 - 99*w - 435. Give j(-88).
533
Let q(i) = 115*i + 25190. Calculate q(-219).
5
Let r(m) = -31*m**2 - 19*m - 19. What is r(-2)?
-105
Let g(h) = 18948*h + 95152. Give g(-5).
412
Let z(u) = u**2 - 700*u - 28039. Give z(-38).
5
Let d(v) = -2846*v - 13578. Calculate d(-5).
652
Let l(s) = -4587*s + 51651. What is l(11)?
1194
Let x(u) = 1920*u - 59507. Calculate x(31).
13
Let f(i) = 74152*i - 444855. Determine f(6).
57
Let a(s) = s**3 - 10*s**2 + 79*s - 133. What is a(12)?
1103
Let n(p) = 48*p**2 + 164*p + 708. Give n(-4).
820
Let w(m) = -21*m**3 - 124*m**2 + 17*m - 120. Determine w(-6).
-150
Let n(w) = -9802*w - 97668. Give n(-10).
352
Let q(w) = w**3 - 23*w**2 + 105*w - 54. What is q(18)?
216
Let o(y) = 5310*y**3 - 37168*y**2 + 28*y - 294. Give o(7).
0
Let a(d) = 1470*d**2 + 7402*d + 284. Give a(-5).
24
Let l(y) = -44*y**2 - 199*y - 618. Give l(-3).
-417
Let d(t) = -3340*t - 1422. Calculate d(-1).
1918
Let w(a) = 64*a - 2475. Determine w(58).
1237
Let v(c) = -531*c + 46259. Give v(87).
62
Let h(c) = 27566*c - 633916. Give h(23).
102
Let u(t) = 163*t**2 + 7153*t + 28580. Determine u(-4).
2576
Let h(x) = x**2 + 475*x - 5948. Calculate h(12).
-104
Let p(b) = -50*b + 2476. Determine p(49).
26
Let n(z) = -3118*z**2 - 3038*z + 13. Calculate n(-1).
-67
Let n(q) = 34*q**3 - 46*q**2 + 8*q - 9. What is n(1)?
-13
Let x(c) = 4*c**3 + 177*c**2 + 90*c + 2033. Determine x(-44).
9
Let z(a) = 49*a + 1642. Give z(-10).
1152
Let p(g) = -295*g**3 + 13848*g**2 + 809*g - 482. Determine p(47).
-12
Let q(r) = -r**3 + 1671*r**2 + 87822*r - 34. Calculate q(-51).
-34
Let a(s) = 45*s**2 + 52484*s + 104959. What is a(-2)?
171
Let q(z) = z**3 + 242*z**2 + 1858*z - 3347. Give q(-234).
-71
Let l(w) = -4*w**2 + 70*w + 58. Give l(18).
22
Let r(u) = 2*u**2 + 226*u + 1036. What is r(-107)?
-248
Let c(d) = -2*d**3 + 137*d**2 - 69*d + 24. Calculate c(68).
-44
Let k(b) = b**2 - 20*b - 124. Calculate k(-4).
-28
Let g(d) = 227*d**2 + 13156*d - 650. Determine g(-58).
-70
Let v(w) = w**3 + 105*w**2 - 335*w - 528. Determine v(-108).
660
Let f(v) = -v**2 - 223*v + 674. Calculate f(3).
-4
Let c(t) = -4876*t - 146286. Give c(-30).
-6
Let q(s) = s**2 - 68*s + 498. Calculate q(7).
71
Let z(y) = 19*y**2 - 235*y + 37. Give z(15).
787
Let b(u) = 3168*u + 12545. Calculate b(-4).
-127
Let b(t) = 268*t - 32715. Determine b(121).
-287
Let a(k) = -k**3 - 5*k**2 + 339*k + 97. Determine a(-21).
34
Let q(x) = -8*x**3 + 100*x**2 - 237*x + 135. Give q(1).
-10
Let i(p) = p**3 - 91*p**2 + 938*p + 114. What is i(12)?
-6
Let v(x) = -x**2 + 4744*x - 3167756. What is v(804)?
4
Let o(v) = -6*v**3 + 27*v**2 - 146*v + 13. Give o(6).
-1187
Let f(h) = 216*h**2 - 10375*h + 458. What is f(48)?
122
Let r(v) = -405597*v + 44615684. Calculate r(110).
14
Let c(u) = u**3 + 35*u**2 - 386*u + 524. Give c(-44).
84
Let n(c) = -286*c**2 - 28359*c - 4458. What is n(-99)?
-3
Let i(p) = p**3 - 235*p**2 - 1198*p - 509. Determine 